 greatest common factor of 3429 and 6372999?
27
What is the highest common divisor of 57276687 and 39?
39
Calculate the highest common divisor of 5715 and 111889413.
1143
What is the highest common factor of 523517 and 4077?
151
What is the greatest common divisor of 1060 and 2822220?
20
What is the highest common divisor of 14004 and 145004?
4
What is the greatest common divisor of 45 and 122700?
15
Calculate the greatest common factor of 329 and 1241100.
7
What is the greatest common divisor of 134136 and 142326?
18
Calculate the highest common factor of 182 and 1129830.
26
Calculate the highest common divisor of 1989031 and 29711.
803
Calculate the greatest common divisor of 550 and 3329832.
22
Calculate the greatest common factor of 206558728 and 4.
4
Calculate the highest common divisor of 82063797 and 3.
3
What is the highest common factor of 2545 and 17089166?
509
Calculate the greatest common factor of 55560 and 296.
8
Calculate the highest common factor of 77 and 55633347.
77
Calculate the highest common factor of 2710995 and 2499.
21
Calculate the highest common factor of 16324251 and 1589.
227
What is the greatest common divisor of 160135891 and 1094?
547
What is the greatest common factor of 4023 and 70634493?
1341
Calculate the highest common divisor of 15724782 and 23014.
622
Calculate the greatest common divisor of 17569661 and 95.
19
Calculate the highest common divisor of 934 and 641931662.
934
What is the greatest common factor of 40 and 107008340?
20
Calculate the greatest common divisor of 26614864 and 1426.
1426
Calculate the highest common divisor of 16430 and 7617160.
530
Calculate the highest common factor of 58890 and 129748260.
4530
Calculate the greatest common factor of 10 and 1251465890.
10
What is the highest common divisor of 44128 and 11277?
7
Calculate the highest common factor of 1752 and 10069068.
12
What is the highest common factor of 549728 and 371234?
838
Calculate the greatest common divisor of 46 and 1307035973.
23
What is the greatest common divisor of 14760 and 506430?
90
Calculate the highest common divisor of 7445 and 8146319.
1489
What is the highest common factor of 256 and 5357488?
16
Calculate the greatest common divisor of 2668119 and 129.
3
What is the highest common divisor of 235718 and 28310?
298
Calculate the highest common divisor of 880 and 14016860.
220
What is the highest common divisor of 63997715 and 2180?
545
Calculate the greatest common factor of 32258529 and 1627.
1627
Calculate the highest common factor of 6204325 and 68675.
1025
Calculate the highest common factor of 93 and 4299.
3
Calculate the highest common factor of 14139220 and 20.
20
Calculate the highest common divisor of 26420807 and 19936.
623
What is the greatest common divisor of 560601 and 18225?
729
Calculate the greatest common factor of 82303 and 320933.
487
Calculate the highest common divisor of 5292425 and 170275.
3475
Calculate the highest common factor of 1176 and 573154764.
588
What is the highest common divisor of 6705 and 1958085?
45
What is the highest common divisor of 123 and 12505451?
41
Calculate the greatest common divisor of 19479026 and 17045.
3409
What is the greatest common factor of 176378 and 95724598?
6082
Calculate the greatest common factor of 77425 and 6595375.
475
Calculate the greatest common divisor of 606275 and 7.
1
Calculate the highest common factor of 9334332 and 2268.
756
Calculate the greatest common factor of 18527586 and 19074.
1122
Calculate the greatest common factor of 180108 and 684.
36
Calculate the greatest common factor of 1735663104 and 1008.
1008
Calculate the highest common factor of 1883 and 178616.
269
Calculate the greatest common factor of 846 and 1369386.
18
Calculate the greatest common divisor of 2880 and 61632.
576
Calculate the greatest common factor of 3345 and 59912295.
3345
Calculate the highest common factor of 2435 and 15185.
5
Calculate the highest common divisor of 818095197 and 555.
111
What is the highest common divisor of 1200316 and 24772?
2252
Calculate the greatest common factor of 20140 and 96759450.
530
What is the highest common factor of 38444222 and 68?
2
Calculate the greatest common factor of 245333 and 4345.
11
Calculate the greatest common factor of 5188 and 1664051.
1297
What is the greatest common divisor of 6984 and 151695?
9
What is the greatest common factor of 55996198 and 68?
34
Calculate the greatest common factor of 21595952 and 133168.
3248
What is the greatest common divisor of 34454448 and 931?
931
Calculate the greatest common divisor of 185 and 9552401.
37
Calculate the greatest common divisor of 2 and 43369763.
1
Calculate the greatest common factor of 4031332 and 56068.
428
Calculate the greatest common factor of 219 and 189129495.
219
Calculate the highest common divisor of 8361866 and 344.
86
Calculate the greatest common factor of 69593979 and 182.
91
Calculate the greatest common divisor of 36 and 462852.
36
Calculate the greatest common divisor of 788 and 287536078.
394
What is the greatest common divisor of 8190 and 1247256?
18
What is the highest common divisor of 141 and 540071031?
141
Calculate the highest common factor of 4568 and 41322128.
4568
Calculate the greatest common divisor of 62572 and 4584.
4
Calculate the greatest common divisor of 177709323 and 99.
33
Calculate the greatest common factor of 715 and 38647466.
143
Calculate the highest common factor of 27 and 31382667.
27
Calculate the highest common divisor of 16184735 and 1890.
35
What is the highest common factor of 244832 and 36411109?
7651
Calculate the highest common divisor of 5935580 and 2170.
70
Calculate the greatest common divisor of 1695 and 12840190.
565
What is the highest common factor of 7186958 and 2626?
202
Calculate the highest common divisor of 375471 and 2.
1
What is the highest common divisor of 2419 and 4574821?
41
Calculate the greatest common divisor of 5475264 and 300.
12
What is the greatest common factor of 12132165 and 240?
15
Calculate the highest common divisor of 882 and 21906.
18
Calculate the highest common divisor of 261 and 38135029.
29
What is the highest common divisor of 72368 and 1616?
16
Calculate the highest common factor of 74632381 and 188.
47
What is the highest common divisor of 63685 and 9935?
5
Calculate the highest common factor of 10495023 and 11858.
77
Calculate the greatest common divisor of 224968175 and 1725.
575
What is the greatest common factor of 687817 and 180632?
337
Calculate the greatest common divisor of 34 and 815303544.
34
What is the highest common divisor of 3 and 46808838?
3
What is the highest common divisor of 25725 and 18025140?
735
What is the highest common factor of 3355496 and 2976728?
4856
Calculate the greatest common divisor of 846351 and 7221.
249
Calculate the greatest common divisor of 166642 and 167534725.
11903
What is the greatest common factor of 176 and 128081844?
44
What is the greatest common divisor of 1021 and 74570777?
1021
Calculate the greatest common divisor of 3050865 and 2068785.
1395
What is the highest common factor of 116183 and 6244?
223
What is the highest common divisor of 65952 and 9400896?
288
What is the highest common factor of 19410939 and 16110?
1611
Calculate the greatest common divisor of 7683 and 16143756.
591
Calculate the greatest common factor of 1196 and 14639408.
92
Calculate the greatest common factor of 33009545 and 55.
5
Calculate the highest common divisor of 404 and 3186247.
101
What is the greatest common divisor of 72979 and 17499095?
3173
Calculate the greatest common factor of 3930991 and 148.
37
What is the highest common divisor of 221 and 1601111?
17
Calculate the greatest common factor of 3042 and 3768948.
18
Calculate the highest common factor of 44859958 and 4444.
2222
Calculate the greatest common divisor of 13916 and 143141964.
1988
What is the highest common divisor of 212 and 919784?
4
Calculate the greatest common divisor of 85310 and 18506.
38
Calculate the greatest common factor of 1636131 and 2125.
17
Calculate the greatest common divisor of 47402612 and 2620.
524
What is the highest common divisor of 3 and 501122?
1
What is the highest common divisor of 157158 and 54738?
18
Calculate the highest common factor